{"id":250,"date":"2021-07-06T12:21:30","date_gmt":"2021-07-06T12:21:30","guid":{"rendered":"https:\/\/institutogene.org.br\/?page_id=250"},"modified":"2025-06-26T12:16:33","modified_gmt":"2025-06-26T15:16:33","slug":"contato","status":"publish","type":"page","link":"https:\/\/institutogene.org.br\/index.php\/contato\/","title":{"rendered":"Contato"},"content":{"rendered":"\n\n\t\t\t\t<img loading=\"lazy\" decoding=\"async\" src=\"https:\/\/institutogene.org.br\/wp-content\/uploads\/2025\/06\/Icone-Centro-de-Inovacao-1.jpg\" alt=\"\u00cdcone - Centro de Inova\u00e7\u00e3o 1\" itemprop=\"image\" height=\"300\" width=\"300\" title=\"\u00cdcone - Centro de Inova\u00e7\u00e3o 1\" onerror=\"this.style.display='none'\"  \/>\n<h2>\n\t\tCentro de Inova\u00e7\u00e3o Blumenau\n\t<\/h2>\n\t\t\t\t<img loading=\"lazy\" decoding=\"async\" src=\"https:\/\/institutogene.org.br\/wp-content\/uploads\/2025\/06\/CIB-1.jpg\" alt=\"CIB\" itemprop=\"image\" height=\"200\" width=\"1001\" title=\"CIB\" onerror=\"this.style.display='none'\"  \/>\n\t\t\t\t<img loading=\"lazy\" decoding=\"async\" src=\"https:\/\/institutogene.org.br\/wp-content\/uploads\/2025\/06\/Icone-Incubadora-1.jpg\" alt=\"\u00cdcone - Incubadora 1\" itemprop=\"image\" height=\"300\" width=\"300\" title=\"\u00cdcone - Incubadora 1\" onerror=\"this.style.display='none'\"  \/>\n<h2>\n\t\tIncubadora\n\t<\/h2>\n\t\t\t\t<img loading=\"lazy\" decoding=\"async\" src=\"https:\/\/institutogene.org.br\/wp-content\/uploads\/2025\/06\/Incubadora-1.jpg\" alt=\"Incubadora\" itemprop=\"image\" height=\"200\" width=\"1001\" title=\"Incubadora\" onerror=\"this.style.display='none'\"  \/>\n\t\t\t\t<img loading=\"lazy\" decoding=\"async\" src=\"https:\/\/institutogene.org.br\/wp-content\/uploads\/2022\/02\/Icone-Eixos-Financeiro.png\" alt=\"\u00cdcone Eixos - Financeiro\" itemprop=\"image\" height=\"835\" width=\"585\" title=\"\u00cdcone Eixos - Financeiro\" onerror=\"this.style.display='none'\"  \/>\n<h2>\n\t\tEscrit\u00f3rio de Projetos e Capta\u00e7\u00e3o de Recursos\n\t<\/h2>\n\t\t\t\t<img loading=\"lazy\" decoding=\"async\" src=\"https:\/\/institutogene.org.br\/wp-content\/uploads\/2025\/06\/Escritorio-de-Projetos-1.jpg\" alt=\"Escrit\u00f3rio de Projetos\" itemprop=\"image\" height=\"200\" width=\"1000\" title=\"Escrit\u00f3rio de Projetos\" onerror=\"this.style.display='none'\"  \/>\n\t\t\t\t<img loading=\"lazy\" decoding=\"async\" src=\"https:\/\/institutogene.org.br\/wp-content\/uploads\/2022\/03\/Projetos.png\" alt=\"Projetos\" itemprop=\"image\" height=\"200\" width=\"200\" title=\"Projetos\" onerror=\"this.style.display='none'\"  \/>\n<h2>\n\t\tProjetos\n\t<\/h2>\n\t\t\t\t<img loading=\"lazy\" decoding=\"async\" src=\"https:\/\/institutogene.org.br\/wp-content\/uploads\/2025\/06\/Projetos-1.jpg\" alt=\"Projetos\" itemprop=\"image\" height=\"200\" width=\"1000\" title=\"Projetos\" onerror=\"this.style.display='none'\"  \/>\n\t\t\t\t<img loading=\"lazy\" decoding=\"async\" src=\"https:\/\/institutogene.org.br\/wp-content\/uploads\/2022\/03\/Eventos.png\" alt=\"Eventos\" itemprop=\"image\" height=\"200\" width=\"200\" title=\"Eventos\" onerror=\"this.style.display='none'\"  \/>\n<h2>\n\t\tEspa\u00e7o de Eventos\n\t<\/h2>\n\t\t\t\t<img loading=\"lazy\" decoding=\"async\" src=\"https:\/\/institutogene.org.br\/wp-content\/uploads\/2025\/06\/Eventos-1.jpg\" alt=\"Eventos\" itemprop=\"image\" height=\"204\" width=\"1001\" title=\"Eventos\" onerror=\"this.style.display='none'\"  \/>\n\n","protected":false},"excerpt":{"rendered":"<p>Centro de Inova\u00e7\u00e3o Blumenau Incubadora Escrit\u00f3rio de Projetos e Capta\u00e7\u00e3o de Recursos Projetos Espa\u00e7o de Eventos<\/p>\n","protected":false},"author":1,"featured_media":0,"parent":0,"menu_order":0,"comment_status":"closed","ping_status":"closed","template":"","meta":{"footnotes":""},"class_list":["post-250","page","type-page","status-publish","hentry"],"_links":{"self":[{"href":"https:\/\/institutogene.org.br\/index.php\/wp-json\/wp\/v2\/pages\/250","targetHints":{"allow":["GET"]}}],"collection":[{"href":"https:\/\/institutogene.org.br\/index.php\/wp-json\/wp\/v2\/pages"}],"about":[{"href":"https:\/\/institutogene.org.br\/index.php\/wp-json\/wp\/v2\/types\/page"}],"author":[{"embeddable":true,"href":"https:\/\/institutogene.org.br\/index.php\/wp-json\/wp\/v2\/users\/1"}],"replies":[{"embeddable":true,"href":"https:\/\/institutogene.org.br\/index.php\/wp-json\/wp\/v2\/comments?post=250"}],"version-history":[{"count":22,"href":"https:\/\/institutogene.org.br\/index.php\/wp-json\/wp\/v2\/pages\/250\/revisions"}],"predecessor-version":[{"id":2244,"href":"https:\/\/institutogene.org.br\/index.php\/wp-json\/wp\/v2\/pages\/250\/revisions\/2244"}],"wp:attachment":[{"href":"https:\/\/institutogene.org.br\/index.php\/wp-json\/wp\/v2\/media?parent=250"}],"curies":[{"name":"wp","href":"https:\/\/api.w.org\/{rel}","templated":true}]}}