{"id":38,"date":"2021-06-23T20:38:17","date_gmt":"2021-06-23T20:38:17","guid":{"rendered":"https:\/\/institutogene.org.br\/?page_id=38"},"modified":"2025-04-03T09:26:33","modified_gmt":"2025-04-03T12:26:33","slug":"eventos","status":"publish","type":"page","link":"https:\/\/institutogene.org.br\/index.php\/eventos\/","title":{"rendered":"Espa\u00e7o de Eventos"},"content":{"rendered":"\n\n\t<a href=\"#sobre\">Sobre | <\/a>\n<a href=\"#oferecemos\">O Que Oferecemos | <\/a>\n<a href=\"#espacos\">Espa\u00e7os Dispon\u00edveis | <\/a>\n<a href=\"#como_locar\">Como Locar | <\/a>\n<a href=\"#faq\">Perguntas Frequentes <\/a>\n\t<p>&#8220;<i>Traga <\/i><b><i>seu evento<\/i><\/b><i> para o <\/i><b><i>Centro de Inova\u00e7\u00e3o Blumenau<\/i><\/b><i>!<\/i>&#8220;<\/p>\n<h2>\n\t\tSobre\n\t<\/h2>\n\t<p>O Espa\u00e7o de Eventos do Centro de Inova\u00e7\u00e3o Blumenau cont\u00e9m os requisitos necess\u00e1rios para a realiza\u00e7\u00e3o de um evento: ambientes espa\u00e7osos e confort\u00e1veis, sistema de proje\u00e7\u00e3o de imagem, sonoriza\u00e7\u00e3o e climatiza\u00e7\u00e3o, tudo isso em um lugar que respira inova\u00e7\u00e3o!<\/p>\n<p>Estamos localizados em uma das regi\u00f5es centrais de Blumenau, perto de restaurantes, farm\u00e1cias, supermercados, servi\u00e7os banc\u00e1rios, correios, entre outros servi\u00e7os essenciais.<\/p>\n<p>A estrutura dispon\u00edvel no Espa\u00e7o de Eventos do Centro de Inova\u00e7\u00e3o Blumenau atende diversos eventos como: palestras, semin\u00e1rios, workshops, cursos de curta ou longa dura\u00e7\u00e3o, reuni\u00f5es e atendimentos diversos.<\/p>\n<h1>\n\t\tO que oferecemos\n\t<\/h1>\n\t\t\t\t<img loading=\"lazy\" decoding=\"async\" src=\"https:\/\/institutogene.org.br\/wp-content\/uploads\/2022\/02\/Oferecemos-Auditorio-2.png\" alt=\"Oferecemos - Audit\u00f3rio\" itemprop=\"image\" height=\"150\" width=\"150\" title=\"Oferecemos - Audit\u00f3rio\" onerror=\"this.style.display='none'\"  \/>\n<h5>\n\t\tAudit\u00f3rio\n\t<\/h5>\n\t\t\t\t<img loading=\"lazy\" decoding=\"async\" src=\"https:\/\/institutogene.org.br\/wp-content\/uploads\/2022\/02\/Oferecemos-Espacos-Multiuso-1-150x150.png\" alt=\"Oferecemos - Espa\u00e7os Multiuso\" itemprop=\"image\" height=\"150\" width=\"150\" height=\"150\" width=\"150\" title=\"Oferecemos - Espa\u00e7os Multiuso\" onerror=\"this.style.display='none'\"  \/>\n<h5>\n\t\tEspa\u00e7os Multiuso\n\t<\/h5>\n\t\t\t\t<img loading=\"lazy\" decoding=\"async\" src=\"https:\/\/institutogene.org.br\/wp-content\/uploads\/2022\/02\/Oferecemos-Sala-de-Reunioes.png\" alt=\"Oferecemos - Sala de Reuni\u00f5es\" itemprop=\"image\" height=\"150\" width=\"150\" title=\"Oferecemos - Sala de Reuni\u00f5es\" onerror=\"this.style.display='none'\"  \/>\n<h5>\n\t\tSalas de Reuni\u00e3o\n\t<\/h5>\n\t\t\t\t<img loading=\"lazy\" decoding=\"async\" src=\"https:\/\/institutogene.org.br\/wp-content\/uploads\/2022\/02\/Oferecemos-Projecao.png\" alt=\"Oferecemos - Proje\u00e7\u00e3o\" itemprop=\"image\" height=\"150\" width=\"150\" title=\"Oferecemos - Proje\u00e7\u00e3o\" onerror=\"this.style.display='none'\"  \/>\n<h5>\n\t\tEquipamentos de proje\u00e7\u00e3o e TV&#8217;s\n\t<\/h5>\n\t\t\t\t<img loading=\"lazy\" decoding=\"async\" src=\"https:\/\/institutogene.org.br\/wp-content\/uploads\/2022\/02\/Oferecemos-Equipamentos-de-Som.png\" alt=\"Oferecemos - Equipamentos de Som\" itemprop=\"image\" height=\"150\" width=\"150\" title=\"Oferecemos - Equipamentos de Som\" onerror=\"this.style.display='none'\"  \/>\n<h5>\n\t\tEquipamentos de som b\u00e1sicos\n\t<\/h5>\n\t\t\t\t<img loading=\"lazy\" decoding=\"async\" src=\"https:\/\/institutogene.org.br\/wp-content\/uploads\/2022\/02\/Oferecemos-Wi-fi.png\" alt=\"Oferecemos - Wi-fi\" itemprop=\"image\" height=\"150\" width=\"150\" title=\"Oferecemos - Wi-fi\" onerror=\"this.style.display='none'\"  \/>\n<h5>\n\t\tWi-fi\n\t<\/h5>\n\t\t\t\t<img loading=\"lazy\" decoding=\"async\" src=\"https:\/\/institutogene.org.br\/wp-content\/uploads\/2022\/02\/Oferecemos-Espacos-amplos.png\" alt=\"Oferecemos - Espa\u00e7os amplos\" itemprop=\"image\" height=\"150\" width=\"150\" title=\"Oferecemos - Espa\u00e7os amplos\" onerror=\"this.style.display='none'\"  \/>\n<h5>\n\t\tEspa\u00e7os amplos\n\t<\/h5>\n\t\t\t\t<img loading=\"lazy\" decoding=\"async\" src=\"https:\/\/institutogene.org.br\/wp-content\/uploads\/2022\/02\/Oferecemos-Mobilia.png\" alt=\"Oferecemos - Mob\u00edlia\" itemprop=\"image\" height=\"150\" width=\"150\" title=\"Oferecemos - Mob\u00edlia\" onerror=\"this.style.display='none'\"  \/>\n<h5>\n\t\tMob\u00edlia confort\u00e1vel\n\t<\/h5>\n\t\t\t\t<img loading=\"lazy\" decoding=\"async\" src=\"https:\/\/institutogene.org.br\/wp-content\/uploads\/2022\/02\/Oferecemos-Climatizacao.png\" alt=\"Oferecemos - Climatiza\u00e7\u00e3o\" itemprop=\"image\" height=\"150\" width=\"150\" title=\"Oferecemos - Climatiza\u00e7\u00e3o\" onerror=\"this.style.display='none'\"  \/>\n<h5>\n\t\tClimatiza\u00e7\u00e3o\n\t<\/h5>\n\t\t\t\t<img loading=\"lazy\" decoding=\"async\" src=\"https:\/\/institutogene.org.br\/wp-content\/uploads\/2022\/02\/Oferecemos-Estacionamento.png\" alt=\"Oferecemos - Estacionamento\" itemprop=\"image\" height=\"150\" width=\"150\" title=\"Oferecemos - Estacionamento\" onerror=\"this.style.display='none'\"  \/>\n<h5>\n\t\tEstacionamento gratuito\n\t<\/h5>\n\t\t\t\t<img loading=\"lazy\" decoding=\"async\" src=\"https:\/\/institutogene.org.br\/wp-content\/uploads\/2022\/02\/Oferecemos-Regiao-Privilegiada.png\" alt=\"Oferecemos - Regi\u00e3o Privilegiada\" itemprop=\"image\" height=\"150\" width=\"150\" title=\"Oferecemos - Regi\u00e3o Privilegiada\" onerror=\"this.style.display='none'\"  \/>\n<h5>\n\t\tRegi\u00e3o privilegiada\n\t<\/h5>\n<h1>\n\t\tEspa\u00e7os dispon\u00edveis\n\t<\/h1>\n<h3>\n\t\tAudit\u00f3rio\n\t<\/h3>\n\t<p>O audit\u00f3rio \u00e9 o local dos grandes eventos que ocorrem no Centro de Inova\u00e7\u00e3o Blumenau. Palestras, semin\u00e1rios, workshops, aul\u00f5es, entre tantos outros tipos de eventos. Projetado de forma elegante e moderna, o audit\u00f3rio \u00e9 equipado com poltronas confort\u00e1veis, al\u00e9m de possuir sonoriza\u00e7\u00e3o e equipamentos de multim\u00eddia.\u00a0<\/p>\n<p><a href=\"https:\/\/drive.google.com\/drive\/folders\/156NyXC3vv6N8i4e2YYyErsH70gneVTqS?usp=sharing\" target=\"_blank\" rel=\"noopener\"><u>Clique aqui para acessar imagens do Audit\u00f3rio.<\/u><\/a><\/p>\n\t\t\t\t<img loading=\"lazy\" decoding=\"async\" src=\"https:\/\/institutogene.org.br\/wp-content\/uploads\/2022\/02\/Auditorio-Poltronas-fixas.png\" alt=\"Audit\u00f3rio - Poltronas fixas\" itemprop=\"image\" height=\"150\" width=\"150\" title=\"Audit\u00f3rio - Poltronas fixas\" onerror=\"this.style.display='none'\"  \/>\n<h5>\n\t\t123 poltronas fixas\n\t<\/h5>\n\t\t\t\t<img loading=\"lazy\" decoding=\"async\" src=\"https:\/\/institutogene.org.br\/wp-content\/uploads\/2022\/02\/104-Capacidade-2.png\" alt=\"104 - Capacidade 2\" itemprop=\"image\" height=\"150\" width=\"150\" title=\"104 - Capacidade 2\" onerror=\"this.style.display='none'\"  \/>\n<h5>\n\t\tCapacidade para at\u00e9 182 pessoas\n\t<\/h5>\n\t\t\t\t<img decoding=\"async\" src=\"http:\/\/institutogene.org.br\/wp-content\/uploads\/2022\/06\/Oferecemos-Projecao.png\" alt=\"Oferecemos - Proje\u00e7\u00e3o\" itemprop=\"image\" title=\"Oferecemos - Proje\u00e7\u00e3o\" onerror=\"this.style.display='none'\"  \/>\n<h5>\n\t\tEquipamentos de proje\u00e7\u00e3o\n\t<\/h5>\n\t\t\t\t<img loading=\"lazy\" decoding=\"async\" src=\"https:\/\/institutogene.org.br\/wp-content\/uploads\/2022\/02\/Oferecemos-Equipamentos-de-Som.png\" alt=\"Oferecemos - Equipamentos de Som\" itemprop=\"image\" height=\"150\" width=\"150\" title=\"Oferecemos - Equipamentos de Som\" onerror=\"this.style.display='none'\"  \/>\n<h5>\n\t\tEquipamentos de som\n\t<\/h5>\n\t\t\t\t<img loading=\"lazy\" decoding=\"async\" src=\"https:\/\/institutogene.org.br\/wp-content\/uploads\/2022\/02\/Auditorio-Microfone.png\" alt=\"Audit\u00f3rio - Microfone\" itemprop=\"image\" height=\"150\" width=\"150\" title=\"Audit\u00f3rio - Microfone\" onerror=\"this.style.display='none'\"  \/>\n<h5>\n\t\tMicrofones sem fio\n\t<\/h5>\n\t\t\t\t<img loading=\"lazy\" decoding=\"async\" src=\"https:\/\/institutogene.org.br\/wp-content\/uploads\/2022\/02\/Oferecemos-Wi-fi.png\" alt=\"Oferecemos - Wi-fi\" itemprop=\"image\" height=\"150\" width=\"150\" title=\"Oferecemos - Wi-fi\" onerror=\"this.style.display='none'\"  \/>\n<h5>\n\t\tWi-fi\n\t<\/h5>\n\t\t\t\t<img loading=\"lazy\" decoding=\"async\" src=\"https:\/\/institutogene.org.br\/wp-content\/uploads\/2022\/02\/Oferecemos-Climatizacao.png\" alt=\"Oferecemos - Climatiza\u00e7\u00e3o\" itemprop=\"image\" height=\"150\" width=\"150\" title=\"Oferecemos - Climatiza\u00e7\u00e3o\" onerror=\"this.style.display='none'\"  \/>\n<h5>\n\t\tClimatiza\u00e7\u00e3o\n\t<\/h5>\n\t\t\t\t<img loading=\"lazy\" decoding=\"async\" src=\"https:\/\/institutogene.org.br\/wp-content\/uploads\/2022\/02\/Oferecemos-Espacos-amplos.png\" alt=\"Oferecemos - Espa\u00e7os amplos\" itemprop=\"image\" height=\"150\" width=\"150\" title=\"Oferecemos - Espa\u00e7os amplos\" onerror=\"this.style.display='none'\"  \/>\n<h5>\n\t\tEspa\u00e7o amplo\n\t<\/h5>\n<h3>\n\t\tEspa\u00e7o Multiuso 106\n\t<\/h3>\n\t<p>O Espa\u00e7o 106 \u00e9 o local ideal para a realiza\u00e7\u00e3o de aulas, cursos e workshops. Ele conta com carteiras e cadeiras escolares, al\u00e9m de todo o equipamento de apoio necess\u00e1rio.\u00a0<\/p>\n<p><a href=\"https:\/\/drive.google.com\/drive\/folders\/1Lj8u1DLl1j6M5ICK7LFungz4F-Uibk_N?usp=sharing\" target=\"_blank\" rel=\"noopener\"><u>Clique aqui para acessar imagens do Espa\u00e7o 106.<\/u><\/a><\/p>\n\t\t\t\t<img loading=\"lazy\" decoding=\"async\" src=\"https:\/\/institutogene.org.br\/wp-content\/uploads\/2022\/02\/106-Carteiras-e-cadeiras.png\" alt=\"106 - Carteiras e cadeiras\" itemprop=\"image\" height=\"150\" width=\"150\" title=\"106 - Carteiras e cadeiras\" onerror=\"this.style.display='none'\"  \/>\n<h5>\n\t\t30 carteiras escolares\n\t<\/h5>\n\t\t\t\t<img loading=\"lazy\" decoding=\"async\" src=\"https:\/\/institutogene.org.br\/wp-content\/uploads\/2022\/02\/104-Capacidade-2.png\" alt=\"104 - Capacidade 2\" itemprop=\"image\" height=\"150\" width=\"150\" title=\"104 - Capacidade 2\" onerror=\"this.style.display='none'\"  \/>\n<h5>\n\t\tCapacidade para at\u00e9 30 pessoas\n\t<\/h5>\n\t\t\t\t<img loading=\"lazy\" decoding=\"async\" src=\"https:\/\/institutogene.org.br\/wp-content\/uploads\/2022\/02\/Oferecemos-Projecao.png\" alt=\"Oferecemos - Proje\u00e7\u00e3o\" itemprop=\"image\" height=\"150\" width=\"150\" title=\"Oferecemos - Proje\u00e7\u00e3o\" onerror=\"this.style.display='none'\"  \/>\n<h5>\n\t\tEquipamentos de proje\u00e7\u00e3o\n\t<\/h5>\n\t\t\t\t<img loading=\"lazy\" decoding=\"async\" src=\"https:\/\/institutogene.org.br\/wp-content\/uploads\/2022\/02\/Oferecemos-Wi-fi.png\" alt=\"Oferecemos - Wi-fi\" itemprop=\"image\" height=\"150\" width=\"150\" title=\"Oferecemos - Wi-fi\" onerror=\"this.style.display='none'\"  \/>\n<h5>\n\t\tWi-fi\n\t<\/h5>\n\t\t\t\t<img loading=\"lazy\" decoding=\"async\" src=\"https:\/\/institutogene.org.br\/wp-content\/uploads\/2022\/02\/Oferecemos-Climatizacao.png\" alt=\"Oferecemos - Climatiza\u00e7\u00e3o\" itemprop=\"image\" height=\"150\" width=\"150\" title=\"Oferecemos - Climatiza\u00e7\u00e3o\" onerror=\"this.style.display='none'\"  \/>\n<h5>\n\t\tClimatiza\u00e7\u00e3o\n\t<\/h5>\n<h3>\n\t\tEspa\u00e7o 503\n\t<\/h3>\n\t<p>O Espa\u00e7o 503 \u00e9 um local com mesa central e cadeiras voltadas para o centro, com formato ideal para a realiza\u00e7\u00e3o de reuni\u00f5es ou mesmo treinamentos para um n\u00famero reduzido de participantes.<\/p>\n<p><a href=\"https:\/\/drive.google.com\/drive\/folders\/12lfMB8G1aiUiYdV_F0FnVCRoYty1lujX?usp=sharing\" target=\"_blank\" rel=\"noopener\"><u>Clique aqui para acessar imagens do Espa\u00e7o 503.<\/u><\/a><\/p>\n\t\t\t\t<img loading=\"lazy\" decoding=\"async\" src=\"https:\/\/institutogene.org.br\/wp-content\/uploads\/2022\/02\/Oferecemos-Sala-de-Reunioes.png\" alt=\"Oferecemos - Sala de Reuni\u00f5es\" itemprop=\"image\" height=\"150\" width=\"150\" title=\"Oferecemos - Sala de Reuni\u00f5es\" onerror=\"this.style.display='none'\"  \/>\n<h5>\n\t\tMesa central e 12 cadeiras\n\t<\/h5>\n\t\t\t\t<img loading=\"lazy\" decoding=\"async\" src=\"https:\/\/institutogene.org.br\/wp-content\/uploads\/2022\/02\/104-Capacidade-2.png\" alt=\"104 - Capacidade 2\" itemprop=\"image\" height=\"150\" width=\"150\" title=\"104 - Capacidade 2\" onerror=\"this.style.display='none'\"  \/>\n<h5>\n\t\tCapacidade para at\u00e9 12 pessoas\n\t<\/h5>\n\t\t\t\t<img loading=\"lazy\" decoding=\"async\" src=\"https:\/\/institutogene.org.br\/wp-content\/uploads\/2022\/02\/303-TV.png\" alt=\"303 - TV\" itemprop=\"image\" height=\"150\" width=\"150\" title=\"303 - TV\" onerror=\"this.style.display='none'\"  \/>\n<h5>\n\t\tTV 50&#8221;\n\t<\/h5>\n\t\t\t\t<img loading=\"lazy\" decoding=\"async\" src=\"https:\/\/institutogene.org.br\/wp-content\/uploads\/2022\/02\/Oferecemos-Wi-fi.png\" alt=\"Oferecemos - Wi-fi\" itemprop=\"image\" height=\"150\" width=\"150\" title=\"Oferecemos - Wi-fi\" onerror=\"this.style.display='none'\"  \/>\n<h5>\n\t\tWi-fi\n\t<\/h5>\n\t\t\t\t<img loading=\"lazy\" decoding=\"async\" src=\"https:\/\/institutogene.org.br\/wp-content\/uploads\/2022\/02\/Oferecemos-Climatizacao.png\" alt=\"Oferecemos - Climatiza\u00e7\u00e3o\" itemprop=\"image\" height=\"150\" width=\"150\" title=\"Oferecemos - Climatiza\u00e7\u00e3o\" onerror=\"this.style.display='none'\"  \/>\n<h5>\n\t\tClimatiza\u00e7\u00e3o\n\t<\/h5>\n<h3>\n\t\tEspa\u00e7o 505\n\t<\/h3>\n\t<p>O Espa\u00e7o 505 \u00e9 um local com mesa central e cadeiras voltadas para o centro, com formato ideal para a realiza\u00e7\u00e3o de reuni\u00f5es ou mesmo treinamentos para um n\u00famero reduzido de participantes.<\/p>\n<p><a href=\"https:\/\/drive.google.com\/drive\/folders\/1lsgFp_SLzruzpcwZRFaX5_vkIbIjWByk?usp=sharing\" target=\"_blank\" rel=\"noopener\"><u>Clique aqui para acessar imagens do Espa\u00e7o 505.<\/u><\/a><\/p>\n\t\t\t\t<img loading=\"lazy\" decoding=\"async\" src=\"https:\/\/institutogene.org.br\/wp-content\/uploads\/2022\/02\/Oferecemos-Sala-de-Reunioes.png\" alt=\"Oferecemos - Sala de Reuni\u00f5es\" itemprop=\"image\" height=\"150\" width=\"150\" title=\"Oferecemos - Sala de Reuni\u00f5es\" onerror=\"this.style.display='none'\"  \/>\n<h5>\n\t\tMesa central e 14 cadeiras\n\t<\/h5>\n\t\t\t\t<img loading=\"lazy\" decoding=\"async\" src=\"https:\/\/institutogene.org.br\/wp-content\/uploads\/2022\/02\/104-Capacidade-2.png\" alt=\"104 - Capacidade 2\" itemprop=\"image\" height=\"150\" width=\"150\" title=\"104 - Capacidade 2\" onerror=\"this.style.display='none'\"  \/>\n<h5>\n\t\tCapacidade para at\u00e9 14 pessoas\n\t<\/h5>\n\t\t\t\t<img loading=\"lazy\" decoding=\"async\" src=\"https:\/\/institutogene.org.br\/wp-content\/uploads\/2022\/02\/303-TV.png\" alt=\"303 - TV\" itemprop=\"image\" height=\"150\" width=\"150\" title=\"303 - TV\" onerror=\"this.style.display='none'\"  \/>\n<h5>\n\t\tTV 50&#8221;\n\t<\/h5>\n\t\t\t\t<img loading=\"lazy\" decoding=\"async\" src=\"https:\/\/institutogene.org.br\/wp-content\/uploads\/2022\/02\/Oferecemos-Wi-fi.png\" alt=\"Oferecemos - Wi-fi\" itemprop=\"image\" height=\"150\" width=\"150\" title=\"Oferecemos - Wi-fi\" onerror=\"this.style.display='none'\"  \/>\n<h5>\n\t\tWi-fi\n\t<\/h5>\n\t\t\t\t<img loading=\"lazy\" decoding=\"async\" src=\"https:\/\/institutogene.org.br\/wp-content\/uploads\/2022\/02\/Oferecemos-Climatizacao.png\" alt=\"Oferecemos - Climatiza\u00e7\u00e3o\" itemprop=\"image\" height=\"150\" width=\"150\" title=\"Oferecemos - Climatiza\u00e7\u00e3o\" onerror=\"this.style.display='none'\"  \/>\n<h5>\n\t\tClimatiza\u00e7\u00e3o\n\t<\/h5>\n<h3>\n\t\tEspa\u00e7o Multiuso 506\n\t<\/h3>\n\t<p>O Espa\u00e7o Multiuso 506 \u00e9 o local ideal para a realiza\u00e7\u00e3o de diversos tipos de evento, desde rodas de conversa, encontros em grupo, at\u00e9 aulas, cursos e workshops. Ele conta com arquibancada, almofadas, pufes e similares, al\u00e9m de todo o equipamento de apoio necess\u00e1rio.\u00a0<\/p>\n<p><a href=\"https:\/\/drive.google.com\/drive\/folders\/1JhURN3pXN5FghYRuV6n9QGCPbV3ngk_Y?usp=sharing\" target=\"_blank\" rel=\"noopener\"><u>Clique aqui para acessar imagens do Espa\u00e7o 506.<\/u><\/a><\/p>\n\t\t\t\t<img decoding=\"async\" src=\"http:\/\/institutogene.org.br\/wp-content\/uploads\/2023\/02\/Arquibancada.png\" alt=\"Arquibancada\" itemprop=\"image\" title=\"Arquibancada\" onerror=\"this.style.display='none'\"  \/>\n<h5>\n\t\tArquibancada com almofadas\n\t<\/h5>\n\t\t\t\t<img loading=\"lazy\" decoding=\"async\" src=\"https:\/\/institutogene.org.br\/wp-content\/uploads\/2022\/02\/104-Capacidade-2.png\" alt=\"104 - Capacidade 2\" itemprop=\"image\" height=\"150\" width=\"150\" title=\"104 - Capacidade 2\" onerror=\"this.style.display='none'\"  \/>\n<h5>\n\t\tCapacidade para aprox. 24 pessoas\n\t<\/h5>\n\t\t\t\t<img loading=\"lazy\" decoding=\"async\" src=\"https:\/\/institutogene.org.br\/wp-content\/uploads\/2022\/02\/303-TV.png\" alt=\"303 - TV\" itemprop=\"image\" height=\"150\" width=\"150\" title=\"303 - TV\" onerror=\"this.style.display='none'\"  \/>\n<h5>\n\t\tTV 60&#8221;\n\t<\/h5>\n\t\t\t\t<img loading=\"lazy\" decoding=\"async\" src=\"https:\/\/institutogene.org.br\/wp-content\/uploads\/2022\/02\/Oferecemos-Wi-fi.png\" alt=\"Oferecemos - Wi-fi\" itemprop=\"image\" height=\"150\" width=\"150\" title=\"Oferecemos - Wi-fi\" onerror=\"this.style.display='none'\"  \/>\n<h5>\n\t\tWi-fi\n\t<\/h5>\n\t\t\t\t<img loading=\"lazy\" decoding=\"async\" src=\"https:\/\/institutogene.org.br\/wp-content\/uploads\/2022\/02\/Oferecemos-Climatizacao.png\" alt=\"Oferecemos - Climatiza\u00e7\u00e3o\" itemprop=\"image\" height=\"150\" width=\"150\" title=\"Oferecemos - Climatiza\u00e7\u00e3o\" onerror=\"this.style.display='none'\"  \/>\n<h5>\n\t\tClimatiza\u00e7\u00e3o\n\t<\/h5>\n\t\t\t\t<img loading=\"lazy\" decoding=\"async\" src=\"https:\/\/institutogene.org.br\/wp-content\/uploads\/2022\/02\/Oferecemos-Espacos-amplos.png\" alt=\"Oferecemos - Espa\u00e7os amplos\" itemprop=\"image\" height=\"150\" width=\"150\" title=\"Oferecemos - Espa\u00e7os amplos\" onerror=\"this.style.display='none'\"  \/>\n<h5>\n\t\tEspa\u00e7o amplo\n\t<\/h5>\n<h1>\n\t\tComo locar um espa\u00e7o\n\t<\/h1>\n\t<p><strong>Processo de loca\u00e7\u00e3o<\/strong><\/p>\n<p>Para locar qualquer espa\u00e7o do Centro de Inova\u00e7\u00e3o Blumenau recomenda-se que o interessado entre em contato pelos telefone e e-mail listados na p\u00e1gina <u>Contato<\/u>, para <strong>verificar a disponibilidade <\/strong>do local na(s) data(s) e hor\u00e1rios desejado(s). Havendo disponibilidade, o Centro de Inova\u00e7\u00e3o poder\u00e1 fazer a <strong>pr\u00e9-reserva<\/strong>\u00a0por at\u00e9 uma semana, tempo para que um <strong>contrato<\/strong> entre as partes seja firmado.<\/p>\n\t<p><strong>Formas de pagamento<\/strong><\/p>\n<p>O pagamento das loca\u00e7\u00f5es deve sempre ser efetuado <strong>antes de o evento ocorrer<\/strong>. S\u00e3o aceitas tr\u00eas formas de pagamento: via <strong>PIX<\/strong>, <strong>boleto<\/strong> ou <strong>transfer\u00eancia banc\u00e1ria<\/strong>.<\/p>\n\t<p><strong>Valores<\/strong><\/p>\n<p>Para acessar a lista de valores, de acordo com o per\u00edodo e os espa\u00e7os dispon\u00edveis <a href=\"https:\/\/drive.google.com\/file\/d\/1-YgbQ98mk2NnVeWHGHaEPv5mowO_pLic\/view?usp=sharing\" target=\"_blank\" rel=\"noopener\"><strong><u>CLIQUE AQUI<\/u><\/strong><\/a>.<\/p>\n\t<p><strong>Hor\u00e1rio de atendimento<\/strong><\/p>\n<p>O Centro de Inova\u00e7\u00e3o Blumenau atende em hor\u00e1rio comercial, de segundas a sextas-feiras, das 8h \u00e0s 17h30, com intervalo para almo\u00e7o entre 12h e 13h.<\/p>\n<h2>\n\t\tPerguntas frequentes (FAQ)\n\t<\/h2>\n\t<strong>\u00c9 cobrada taxa de limpeza das loca\u00e7\u00f5es realizadas?<br \/>\n<\/strong><strong>R<\/strong>: Depende. Para loca\u00e7\u00f5es que ocorrem durante a semana. n\u00e3o h\u00e1 cobran\u00e7a. Para loca\u00e7\u00f5es que ocorram entre sextas-feiras e s\u00e1bado ou entre s\u00e1bado e domingo, contudo, \u00e9 cobrada uma taxa de limpeza de R$ 250,00.\n\t<strong>O Centro de Inova\u00e7\u00e3o Blumenau (CIB) possui servi\u00e7o de <em>coffee break<\/em>?<br \/>\n<\/strong><strong>R<\/strong>: N\u00e3o. O CIB n\u00e3o oferece servi\u00e7o de coffee break e tamb\u00e9m n\u00e3o possui conv\u00eanio com empresas que fazem o servi\u00e7o. Contudo, o local abriga a Cafeteria Jo\u00e3o e Maria, que serve salgados e oferece o servi\u00e7o de coffee para eventos.\n\t<strong>Posso levar coffee break? Onde posso servir?<br \/>\n<\/strong><strong>R<\/strong>: Sim, \u00e9 permitido levar coffee. Por\u00e9m eles devem ser servidos dentro do pr\u00f3prio espa\u00e7o locado, uma vez que cada sala possui um ou mais m\u00f3veis espec\u00edficos para isso. Caso queira servir o caf\u00e9 em um local diferenciado \u00e9 necess\u00e1ria autoriza\u00e7\u00e3o pr\u00e9via do setor administrativo do Centro de Inova\u00e7\u00e3o. Ao t\u00e9rmino do evento, quaisquer comidas ou bebidas devem ser removidas do espa\u00e7o, sob pena de multa, conforme apontam as cl\u00e1usulas do contrato firmado entre as partes.\n\t<strong>Como funciona o estacionamento do Centro de Inova\u00e7\u00e3o Blumenau?<br \/>\n<\/strong><strong>R<\/strong>: O estacionamento do CIB disp\u00f5e atualmente de 130 vagas para carros, al\u00e9m de espa\u00e7os reservados para motocicletas e bicicletas. Al\u00e9m disso, contamos com vagas no estacionamento do Campus II da FURB, que fica ao lado do Centro de Inova\u00e7\u00e3o Blumenau.\n\t<strong>Caso queira fazer um evento fora do hor\u00e1rio de expediente\u00a0do CIB, como fa\u00e7o para ter acesso ao local?<br \/>\n<\/strong><strong>R<\/strong>: Para acessar o espa\u00e7o, as chaves e equipamentos de apoio devem ser retirados\u00a0 junto \u00e0 recep\u00e7\u00e3o do Centro de Inova\u00e7\u00e3o Blumenau, conforme hor\u00e1rio de atendimento das 8h \u00e0s 17h30.\n\t<strong>Quais os hor\u00e1rios dispon\u00edveis para loca\u00e7\u00e3o?<br \/>\n<\/strong><strong>R<\/strong>: Todos os espa\u00e7os de eventos est\u00e3o dispon\u00edveis para loca\u00e7\u00e3o de segundas a sextas-feiras, e tamb\u00e9m aos finais de semana e feriados, entre 8h e 22h. Para utiliza\u00e7\u00e3o dos espa\u00e7os em outros hor\u00e1rios deve-se buscar orienta\u00e7\u00e3o junto ao setor administrativo do Centro de Inova\u00e7\u00e3o Blumenau.\n\t<strong>Como funciona o atendimento ap\u00f3s o hor\u00e1rio comercial, aos finais de semana ou feriados?<br \/>\n<\/strong><strong>R<\/strong>: O Centro de Inova\u00e7\u00e3o Blumenau n\u00e3o realiza atendimentos que n\u00e3o sejam entre 8h e 12h e entre 13h e 17h30, de segunda \u00e0 sexta-feira.\n\t<p><strong>Como funciona a pr&eacute;-reserva de um espa&ccedil;o no Centro de Inova&ccedil;&atilde;o Blumenau?<br \/><\/strong><strong>R<\/strong>: A pr&eacute;-reserva de um espa&ccedil;o pode ter a dura&ccedil;&atilde;o de at&eacute; uma semana. Neste tempo, as salas ficam reservadas para o locat&aacute;rio, sem quaisquer custos ou necessidade de contrato. Caso o contrato n&atilde;o seja oficializado nesse per&iacute;odo, o local volta a ficar dispon&iacute;vel para loca&ccedil;&atilde;o.<\/p>\n\t<strong>\u00c9 poss\u00edvel remover m\u00f3veis que estiverem &#8220;sobrando&#8221; no espa\u00e7o locado? \u00c9 poss\u00edvel locar um espa\u00e7o e utilizar m\u00f3veis de outro espa\u00e7o loc\u00e1vel do Centro de Inova\u00e7\u00e3o?<br \/>\n<\/strong><strong>R<\/strong>:\u00a0 N\u00e3o \u00e9 permitida a troca de m\u00f3veis entre os ambientes do CIB. O Centro de Inova\u00e7\u00e3o Blumenau n\u00e3o disp\u00f5e de salas para armazenar m\u00f3veis que n\u00e3o estiverem sendo utilizados.\n\t<strong>Como s\u00e3o as pol\u00edticas para uso de equipamentos de luz, imagem e som adicionais?<br \/>\n<\/strong><strong>R<\/strong>: N\u00e3o h\u00e1 quaisquer restri\u00e7\u00f5es para uso de equipamentos adicionais, desde que previamente acordado com o Centro de Inova\u00e7\u00e3o Blumenau. Cabe aten\u00e7\u00e3o ao uso de equipamentos de som em volume demasiado alto, uma vez que se trata de um ambiente empresarial.\n\t<strong>Como s\u00e3o as pol\u00edticas de loca\u00e7\u00e3o no caso de necessidade de uso no dia anterior para organiza\u00e7\u00e3o do espa\u00e7o?<br \/>\n<\/strong><strong>R<\/strong>: Nestes casos, dever\u00e1 realizada a loca\u00e7\u00e3o tamb\u00e9m do dia anterior que ser\u00e1 feito evento. O mesmo se aplica \u00e0 retirada dos equipamentos. No caso de se tratar de equipamentos locados, por exemplo, cuja desinstala\u00e7\u00e3o \u00e9 realizada somente no dia seguinte ao evento, esta data adicional tamb\u00e9m dever\u00e1 ser previamente locada. Quaisquer imprevistos est\u00e3o sujeitos \u00e0s cl\u00e1usulas do contrato firmado entre as partes.\n\t<strong>Quais\u00a0eventos podem ser realizados nos espa\u00e7os do Centro de Inova\u00e7\u00e3o Blumenau?<br \/>\n<\/strong><strong>R<\/strong>: Qualquer tipo de palestra, cursos, workshops, bate-papos, reuni\u00f5es e similares. Outros tipos de eventos devem ser previamente acordadas com o setor administrativo do Centro de Inova\u00e7\u00e3o Blumenau.\n\n","protected":false},"excerpt":{"rendered":"<p>Sobre | O Que Oferecemos | Espa\u00e7os Dispon\u00edveis | Como Locar | Perguntas Frequentes &#8220;Traga seu evento para o Centro de Inova\u00e7\u00e3o Blumenau!&#8220; Sobre O Espa\u00e7o de Eventos do Centro de Inova\u00e7\u00e3o Blumenau cont\u00e9m os requisitos necess\u00e1rios para a realiza\u00e7\u00e3o de um evento: ambientes espa\u00e7osos e confort\u00e1veis, sistema de proje\u00e7\u00e3o de imagem, sonoriza\u00e7\u00e3o e climatiza\u00e7\u00e3o, tudo isso em um lugar que respira inova\u00e7\u00e3o! Estamos localizados em uma das regi\u00f5es centrais de Blumenau, perto de restaurantes, farm\u00e1cias, supermercados, servi\u00e7os banc\u00e1rios, correios, entre outros servi\u00e7os essenciais. A estrutura dispon\u00edvel no Espa\u00e7o de Eventos do Centro de Inova\u00e7\u00e3o Blumenau atende diversos eventos como:&#8230; <\/p>\n","protected":false},"author":1,"featured_media":0,"parent":0,"menu_order":0,"comment_status":"closed","ping_status":"closed","template":"","meta":{"footnotes":""},"class_list":["post-38","page","type-page","status-publish","hentry"],"_links":{"self":[{"href":"https:\/\/institutogene.org.br\/index.php\/wp-json\/wp\/v2\/pages\/38","targetHints":{"allow":["GET"]}}],"collection":[{"href":"https:\/\/institutogene.org.br\/index.php\/wp-json\/wp\/v2\/pages"}],"about":[{"href":"https:\/\/institutogene.org.br\/index.php\/wp-json\/wp\/v2\/types\/page"}],"author":[{"embeddable":true,"href":"https:\/\/institutogene.org.br\/index.php\/wp-json\/wp\/v2\/users\/1"}],"replies":[{"embeddable":true,"href":"https:\/\/institutogene.org.br\/index.php\/wp-json\/wp\/v2\/comments?post=38"}],"version-history":[{"count":64,"href":"https:\/\/institutogene.org.br\/index.php\/wp-json\/wp\/v2\/pages\/38\/revisions"}],"predecessor-version":[{"id":1336,"href":"https:\/\/institutogene.org.br\/index.php\/wp-json\/wp\/v2\/pages\/38\/revisions\/1336"}],"wp:attachment":[{"href":"https:\/\/institutogene.org.br\/index.php\/wp-json\/wp\/v2\/media?parent=38"}],"curies":[{"name":"wp","href":"https:\/\/api.w.org\/{rel}","templated":true}]}}